**2 - i + 13. Calculate m(3).
1
Let i(f) = 16*f**2 - 17*f - 17. What is i(-1)?
16
Let l(d) = 10*d - 2. What is l(1)?
8
Let q(t) = -3*t + 4. Give q(-8).
28
Let m(y) = y - 4. Give m(3).
-1
Let i(k) = -k**3 + 10*k**2 + 22*k + 25. What is i(12)?
1
Let y(q) = -10*q + 529. What is y(53)?
-1
Let l(v) = 2*v - 24. What is l(11)?
-2
Let l(h) = h**2 + 5*h - 12. Give l(-7).
2
Let i(n) = -11*n - 191. What is i(-18)?
7
Let f(p) = -23*p - 114. Give f(-5).
1
Let f(z) = 4*z**2 - z - 5. Give f(-3).
34
Let w(m) = -2*m**2 - 31*m - 110. Give w(-7).
9
Let c(i) = -i. Give c(-6).
6
Let m(f) = -f - 5. Give m(1).
-6
Let l(o) = o**2 - 2*o - 3. Determine l(6).
21
Let f(a) = -4*a + 38. What is f(12)?
-10
Let i(g) = -10*g + 8. What is i(-2)?
28
Let g(z) = -11*z**2 + 3*z + 1. Determine g(-3).
-107
Let w(x) = -2*x - 2. Determine w(-1).
0
Let n(i) = 6*i - 3. What is n(4)?
21
Let y(w) = 2*w + 23. Determine y(-9).
5
Let c(i) = -i**2 + 32*i - 231. Give c(19).
16
Let a(n) = 4*n - 36. Give a(26).
68
Let n(u) = u**3 + 14*u**2 - 17*u - 35. Give n(-15).
-5
Let x(d) = -3*d**2 + d + 1. Give x(4).
-43
Let i(n) = n**3 + 28*n**2 - 28*n + 27. Calculate i(-29).
-2
Let j(p) = 15*p - 211. Give j(13).
-16
Let x(j) = -j**3 - 8*j**2 + 15*j + 2. Calculate x(-6).
-160
Let b(y) = y**3 + 5*y**2 + y + 3. What is b(-4)?
15
Let a(j) = -j**3 + 4*j**2 + 6*j - 7. Calculate a(5).
-2
Let g(v) = v**3 + 9*v**2 + 11*v + 22. Calculate g(-8).
-2
Let d(k) = 19*k + 28. What is d(-2)?
-10
Let c(h) = -7*h - 120. Calculate c(-18).
6
Let h(m) = -m**3 - 16*m**2 - 47*m + 3. Give h(-12).
-9
Let q(j) = -j - 2. What is q(-10)?
8
Let q(b) = b**3 + 22*b**2 + 20*b - 25. Give q(-21).
-4
Let h(i) = i**2 - i - 106. Give h(-9).
-16
Let d(s) = -s**2 - 4*s + 7. What is d(-5)?
2
Let x(w) = w**3 + 17*w**2 - 13*w + 109. Determine x(-18).
19
Let z(p) = -p**3 + 6*p**2 + 6*p - 9. Give z(6).
27
Let s(p) = 2*p**2 - 2*p + 2. Determine s(-4).
42
Let r(z) = -3*z - 7. What is r(10)?
-37
Let w(j) = 11*j + 7. Calculate w(-7).
-70
Let r(a) = -9*a - 7. Calculate r(-1).
2
Let m(y) = y - 18. Calculate m(13).
-5
Let x(c) = -c**3 + 4*c**2 - 5*c + 6. Calculate x(3).
0
Let i(o) = 2*o**2 - 13*o - 2. What is i(6)?
-8
Let g(q) = -8*q + 93. Determine g(13).
-11
Let o(m) = -12*m**2 - 27*m + 18. Give o(-3).
-9
Let x(j) = j**2 - j + 5. What is x(-2)?
11
Let u(i) = 11*i - 727. Calculate u(67).
10
Let u(p) = p**2 - 15*p - 12. Calculate u(15).
-12
Let v(i) = 2*i**2 + 47*i - 6. Give v(-24).
18
Let j(r) = r**3 + 14*r**2 - 7. Determine j(-14).
-7
Let s(j) = j**3 + j**2 + 3*j + 6. Give s(-4).
-54
Let a(f) = -2*f**3 - 14*f**2 + f - 7. What is a(-7)?
-14
Let u(a) = a**2 - 3*a - 2. Give u(10).
68
Let n(u) = -u**2 - 29*u - 31. Give n(-28).
-3
Let u(z) = z**2 - 3*z - 9. Calculate u(-3).
9
Let q(w) = w**3 - 2*w**2 + w. Calculate q(1).
0
Let x(j) = -2*j - 58. What is x(-30)?
2
Let f(h) = h**3 - 18*h - 40. Determine f(-3).
-13
Let l(q) = q**2 - 11*q + 14. Give l(4).
-14
Let r(t) = -t + 1. Determine r(2).
-1
Let o(c) = -4*c - 71. Calculate o(-23).
21
Let o(t) = -t**2 + 22. Determine o(-3).
13
Let t(w) = w**2 + 2*w + 5. Determine t(-2).
5
Let r(m) = -m**3 - 3*m**2 + 10*m + 2. What is r(-5)?
2
Let r(m) = -57*m + 1. Calculate r(-1).
58
Let j(d) = 104*d**2 - 1873*d + 26. Calculate j(18).
8
Let v(h) = -41*h - 865. Give v(-21).
-4
Let o(w) = w**2 + 13*w + 9. Calculate o(-12).
-3
Let o(w) = w**3 - w**2 + w - 50. Give o(0).
-50
Let r(x) = x**2 + 28*x + 40. Calculate r(-23).
-75
Let c(f) = -f**3 - 10*f**2 - 11*f - 48. Calculate c(-10).
62
Let h(t) = 2*t - 87. What is h(45)?
3
Let u(p) = p + 4. Determine u(-8).
-4
Let j(q) = q - 24. Calculate j(29).
5
Let f(i) = -i - 21. Give f(-26).
5
Let f(t) = t**3 - 9*t**2 + 15*t + 9. Determine f(5).
-16
Let o(z) = z**3 + 8*z**2 + 7*z - 17. Give o(-7).
-17
Let c(h) = 13*h - 3. Calculate c(1).
10
Let h(i) = 21*i**2 + 2*i - 1. Determine h(1).
22
Let p(o) = 2*o**2 - 15*o - 60. Calculate p(10).
-10
Let t(c) = 6*c + 30. Give t(-6).
-6
Let l(z) = z + 7. Give l(6).
13
Let x(k) = -3*k + 53. Calculate x(19).
-4
Let q(z) = 2*z - 3. Give q(-11).
-25
Let i(y) = 9*y - 7. Calculate i(0).
-7
Let a(c) = -4*c**3 - 2*c**2 + 34*c + 35. Give a(-1).
3
Let a(h) = h**3 - 7*h**2 + h + 8. Give a(5).
-37
Let b(u) = -3*u - 14. What is b(-12)?
22
Let f(k) = -3*k + 6. Determine f(3).
-3
Let x(i) = i**2 + i - 24. Calculate x(5).
6
Let z(r) = 5*r**3 + r + 4. Calculate z(-2).
-38
Let f(a) = a**3 + 17*a**2 + a + 18. Determine f(-17).
1
Let a(h) = 7*h + 51. Give a(-8).
-5
Let o(u) = u**2 + 8*u + 16. Calculate o(-9).
25
Let h(d) = 2*d - 6. What is h(9)?
12
Let y(j) = j - 14. Give y(10).
-4
Let y(o) = -o**3 + o + 1. What is y(-1)?
1
Let l(q) = -q**2 + 10*q + 13. Give l(11).
2
Let k(b) = -b**3 - 12*b**2 + 13*b + 5. Calculate k(-13).
5
Let v(u) = -2*u**2 - 24*u - 39. Give v(-11).
-17
Let v(x) = -6*x**2 + 4*x - 4. Give v(2).
-20
Let y(k) = -4*k - 8. Give y(-4).
8
Let t(r) = -2*r**3 - 17*r**2 - 6*r - 1. What is t(-8)?
-17
Let q(p) = -3*p + 20. Determine q(9).
-7
Let c(a) = 2*a**2 - 4*a - 20. Calculate c(8).
76
Let m(c) = -c**2 + 7*c - 2. What is m(8)?
-10
Let n(h) = -h - 8. What is n(-5)?
-3
Let g(d) = -d**2 - 3*d + 5. Give g(2).
-5
Let w(o) = 4*o - 19. Calculate w(14).
37
Let x(h) = -3*h**2 - 53*h + 21. Determine x(-18).
3
Let m(i) = 2*i**3 + 5*i**2 + 9*i. Give m(-3).
-36
Let u(b) = 14*b - 501. What is u(36)?
3
Let p(z) = z**2 + 8*z + 21. Determine p(-4).
5
Let n(j) = 7*j + 7. What is n(-3)?
-14
Let b(f) = -f**3 + 2*f**2 + 2*f - 1. Calculate b(4).
-25
Let l(h) = h**2 - 2*h - 8. Determine l(0).
-8
Let b(l) = -36*l + 353. Calculate b(10).
-7
Let r(q) = -2*q - 14. Determine r(-6).
-2
Let q(c) = -c + 10. Calculate q(0).
10
Let y(h) = -h**3 + 5*h**2 + 12*h - 20. Give y(6).
16
Let l(p) = p**3 + 6*p**2 - 8*p + 3. What is l(-4)?
67
Let o(x) = -x - 2. What is o(-1)?
-1
Let k(u) = 4*u + 5. What is k(2)?
13
Let z(y) = -y**3 - 3*y**2 + y - 1. Determine z(-3).
-4
Let r(m) = -26*m + 261. What is r(10)?
1
Let u(t) = 6*t - 1. Determine u(2).
11
Let o(r) = -4*r + 7. What is o(-7)?
35
Let b(d) = -6*d - 9. What is b(8)?
-57
Let m(v) = v**2 + 7*v + 7. Calculate m(-3).
-5
Let j(i) = i**2 - 26*i + 169. Determine j(12).
1
Let f(s) = -s**3 - 10*s**2 + 42*s + 30. Determine f(-13).
-9
Let s(b) = -14*b + 74. What is s(6)?
-10
Let s(g) = 56*g**2 - 2*g - 3. Calculate s(-1).
55
Let p(h) = -3*h**3 + h. Give p(1).
-2
Let f(r) = r**2 - 4*r + 6. Give f(2).
2
Let l(h) = -2*h + 5. What is l(0)?
5
Let l(p) = p**3 - 2*p**2 + 24. Give l(0).
24
Let x(z) = 43*z**2 - 6*z - 4. Give x(2).
156
Let p(i) = -i**3 - 11*i**2 - 42*i - 335. Give p(-10).
-15
Let f(y) = -5*y - 135. Determine f(-26).
-5
Let h(l) = -45*l**3 - l**2 + 4*l - 3. What is h(1)?
-45
Let u(s) = 38*s - 1488. Give u(39).
-6
Let c(i) = -10*i - 83. Calculate c(-7).
-13
Let o(a) = a**3 + 18*a**2 - 17*a + 36. Calculate o(-19).
-2
Let m(s) = -s**3 + 22*s**2 - 40*s + 24. Give m(20).
24
Let b(u) = u + 4. Determine b(-5).
-1
Let z(o) = o**3 - 8*o**2 + 9*o + 11. Calculate z(6).
-7
Let x(z) = z**2 - 18*z + 35. What is x(16)?
3
Let i(q) = 3*q + 23. Determine i(-9).
-4
Let x(a) = -61*a**3 + 1. Give x(1).
-60
Let g(l) = l**3 - l**2 - l - 1. Calculate g(-1).
-2
Let r(u) = -u**2 + 23*u - 20. Give r(22).
2
Let t(k) = -k - 29. Determine t(0).
-29
Let u(a) = -a**3 - 28*a**2 - 55*a - 70. Determine u(-26).
8
Let m(j) = -7*j - 111. Calculate m(-13).
-20
Let y(d) = -d**2 - 12*d + 3. Give y(-13).
-10
Let h(f) = -2*f**2 + 8*f - 7. What is h(2)?
1
Let z(f) = f**2 - 19. Determine z(4).
-3
Let j(o) = -17*o + 87. Calculate j(6).
-15
Let d(q) = 34*q + 96. Determine d(-3).
-6
Let t(f) = -f**3 + 2*f**2 + 9*f + 2. Give t(5).
-28
Let w(o) = -10*o**2 + 7*o + 6. Give w(-1).
-11
Let k(c) = 15*c - 4. Calculate k(4).
56
Let q(s) = 48*s - 446. Give q(9).
-14
Let k(d) = -d**2 + 29*d - 210. What is k(18)?
-12
Let z(d) = d - 9. Determine z(24).
15
Let q(m) = -2*m**2 - 28*m + 168. Calculate q(-18).
24
Let f(g) = 37*g**3 + g**2 + 2*g + 2. Determine f(-1).
-36
Let l(f) = -f**2 + 14*f - 19. Give l(8).
29
Let t(f) = 2*f**3 + 9*f - 22. What is t(2)?
12
Let t(j) = 2*j**2 + 43*j - 15. What is t(-22)?
7
Let b(q) = q**2 + 5*q - 5. What is b(-6)?
1
Let j(n) = -2*n**3 + 13*n**2 + 25*n - 124. Calculate j(7).
2
Let y(a) = 4*a**2 + 4*a + 1. Determine y(-3).
25
Let t(f) = 35*f - 3. Calculate t(5).
172
Let l(g) = 2*g**2 